multiple of 147?
True
Is 555840 a multiple of 194?
False
Is 481467 a multiple of 32?
False
Is 198 a factor of 3994848?
True
Is 10 a factor of 323500?
True
Is 135342 a multiple of 7?
False
Does 50 divide 5489550?
True
Does 46 divide 230?
True
Does 2 divide 14901?
False
Does 561 divide 101541?
True
Is 60 a factor of 4560?
True
Is 153406 a multiple of 22?
True
Is 30571224 a multiple of 249?
True
Does 7 divide 4051047?
True
Does 28 divide 123648?
True
Does 3 divide 1801579?
False
Is 143 a factor of 1922984?
False
Is 761800 a multiple of 184?
False
Is 19350 a multiple of 75?
True
Is 32294 a multiple of 157?
False
Is 235 a factor of 3392225?
True
Does 7 divide 2213?
False
Does 40 divide 4472470?
False
Does 3 divide 40458?
True
Is 123874 a multiple of 257?
True
Is 5 a factor of 1058380?
True
Does 36 divide 10217535?
False
Does 50 divide 209377?
False
Is 146 a factor of 22713829?
False
Does 16 divide 10208?
True
Is 379 a factor of 3381059?
True
Is 69 a factor of 2104362?
True
Is 5383908 a multiple of 191?
True
Does 58 divide 34858?
True
Is 118139 a multiple of 16?
False
Is 18 a factor of 268542?
True
Is 702 a factor of 6271959?
False
Is 5248306 a multiple of 53?
False
Does 198 divide 466561?
False
Is 214980 a multiple of 481?
False
Is 49660 a multiple of 5?
True
Does 116 divide 264098?
False
Is 789320 a multiple of 28?
True
Does 632 divide 11827540?
False
Does 7 divide 55267?
False
Is 1040 a factor of 11141520?
True
Is 137293 a multiple of 59?
True
Is 2840400 a multiple of 180?
True
Does 47 divide 934830?
True
Is 8 a factor of 78328?
True
Does 141 divide 1689180?
True
Does 96 divide 3837408?
True
Is 2771733 a multiple of 44?
False
Is 4229 a multiple of 2?
False
Is 243598 a multiple of 63?
False
Is 866879 a multiple of 17?
False
Does 137 divide 1583994?
True
Does 109 divide 261174?
False
Is 63 a factor of 315673?
False
Does 115 divide 1192780?
True
Does 234 divide 2986776?
True
Is 48 a factor of 190272?
True
Is 334715 a multiple of 16?
False
Is 1799961 a multiple of 15?
False
Does 195 divide 241191?
False
Is 3322530 a multiple of 201?
True
Is 1395888 a multiple of 104?
True
Is 202 a factor of 289408?
False
Is 5447520 a multiple of 208?
True
Is 17 a factor of 435305?
False
Does 28 divide 142688?
True
Does 40 divide 42680?
True
Does 172 divide 804100?
True
Does 1602 divide 2822724?
True
Does 74 divide 1793382?
False
Is 11676 a multiple of 28?
True
Is 150 a factor of 6450000?
True
Is 851436 a multiple of 706?
True
Is 1494 a factor of 17322930?
True
Does 40 divide 275120?
True
Does 16 divide 63296?
True
Is 10 a factor of 299830?
True
Is 39 a factor of 68400?
False
Does 60 divide 395498?
False
Is 70 a factor of 1419187?
False
Does 142 divide 664419?
False
Is 1273107 a multiple of 25?
False
Is 194862 a multiple of 232?
False
Does 298 divide 503620?
True
Does 85 divide 209865?
True
Does 30 divide 3763243?
False
Is 104 a factor of 962312?
True
Does 156 divide 120432?
True
Does 43 divide 776605?
False
Does 73 divide 293387?
True
Is 12 a factor of 5267156?
False
Does 12 divide 4637388?
True
Is 71 a factor of 6579357?
True
Is 19 a factor of 4620725?
False
Is 4209863 a multiple of 116?
False
Does 15 divide 572910?
True
Does 34 divide 1764789?
False
Does 31 divide 25296?
True
Is 29456 a multiple of 28?
True
Is 6252498 a multiple of 306?
True
Does 2 divide 2853?
False
Is 348 a factor of 5252408?
False
Does 18 divide 581724?
True
Is 109 a factor of 295817?
False
Is 319968 a multiple of 11?
True
Is 15 a factor of 1016625?
True
Is 34 a factor of 168065?
False
Is 3333461 a multiple of 972?
False
Does 94 divide 87608?
True
Does 19 divide 427994?
True
Is 317 a factor of 2281766?
True
Does 329 divide 1350460?
False
Is 116 a factor of 197209?
False
Is 6 a factor of 55818?
True
Is 118162 a multiple of 11?
True
Is 178 a factor of 490924?
True
Does 31 divide 649400?
False
Is 68651 a multiple of 3?
False
Is 857615 a multiple of 31?
True
Is 300 a factor of 2407809?
False
Does 110 divide 13530?
True
Is 81340 a multiple of 245?
True
Is 7619892 a multiple of 21?
True
Does 80 divide 2130560?
True
Is 49 a factor of 277928?
True
Is 476158 a multiple of 55?
False
Does 9 divide 939860?
False
Does 90 divide 234000?
True
Is 44 a factor of 51492?
False
Does 67 divide 504443?
True
Does 19 divide 3016143?
False
Is 26424426 a multiple of 294?
True
Does 276 divide 335321?
False
Does 10 divide 697660?
True
Is 444711 a multiple of 13?
False
Is 70189 a multiple of 19?
False
Does 19 divide 125046?
False
Is 47124 a multiple of 193?
False
Does 54 divide 2855574?
True
Does 24 divide 6184680?
True
Does 31 divide 145018?
True
Does 114 divide 2939?
False
Is 50 a factor of 244850?
True
Does 13 divide 300482?
True
Does 136 divide 239080?
False
Does 202 divide 1443896?
True
Does 23 divide 17758?
False
Does 32 divide 610728?
False
Is 687802 a multiple of 70?
False
Is 5 a factor of 122450?
True
Does 433 divide 2800644?
True
Is 76 a factor of 1637040?
True
Is 1587280 a multiple of 16?
True
Is 232315 a multiple of 20?
False
Is 2006780 a multiple of 20?
True
Is 1092315 a multiple of 105?
True
Does 107 divide 63135?
False
Is 24 a factor of 427952?
False
Is 168 a factor of 3181864?
False
Is 378117 a multiple of 29?
False
Is 181310 a multiple of 18?
False
Is 176820 a multiple of 14?
True
Is 48 a factor of 102816?
True
Does 11 divide 1097657?
True
Does 108 divide 2248857?
False
Is 9 a factor of 31644?
True
Is 40973 a multiple of 101?
False
Is 114138 a multiple of 373?
True
Does 455 divide 239330?
True
Is 148204 a multiple of 17?
False
Is 806306 a multiple of 82?
True
Does 4 divide 1101779?
False
Is 3281525 a multiple of 299?
True
Does 10 divide 55343?
False
Does 7 divide 598150?
True
Is 122 a factor of 275720?
True
Is 17490 a multiple of 106?
True
Is 24123 a multiple of 187?
True
Is 329575 a multiple of 29?
False
Does 3 divide 6648?
True
Is 18 a factor of 2069856?
True
Is 10 a factor of 1059439?
False
Is 2873810 a multiple of 658?
False
Does 14 divide 31357?
False
Is 129 a factor of 19406373?
True
Is 1310329 a multiple of 155?
False
Is 8121 a multiple of 17?
False
Is 1138 a factor of 3559664?
True
Is 124 a factor of 103303?
False
Is 18825 a multiple of 15?
True
Is 119 a factor of 620704?
True
Is 86 a factor of 453948?
False
Is 619242 a multiple of 78?
True
Is 683777 a multiple of 142?
False
Is 735178 a multiple of 8?
False
Is 366 a factor of 2413404?
True
Is 192940 a multiple of 877?
True
Does 4 divide 10695?
False
Is 3211334 a multiple of 79?
False
Is 4161 a multiple of 19?
True
Is 26 a factor of 5416?
False
Does 9 divide 631321?
False
Is 1818652 a multiple of 30?
False
Does 19 divide 16012022?
True
Is 10911 a multiple of 31?
False
Does 38 divide 514207?
False
Is 98250 a multiple of 3?
True
Is 14 a factor of 19770?
False
Does 16 divide 18481712?
True
Is 17600 a multiple of 320?
True
Is 70220 a multiple of 192?
False
Does 265 divide 237314?
False
Is 3160512 a multiple of 7?
False
Does 21 divide 62055?
True
Does 113 divide 1874167?
False
Does 68 divide 34605?
False
Is 19 a factor of 8967506?
True
Does 19 divide 32946?
True
Does 147 divide 1863078?
True
Does 114 divide 259134?
False
Is 23 a factor of 54325?
False
Is 27840 a multiple of 32?
True
Is 56326 a multiple of 5?
False
Does 8 divide 174023?
False
Is 26460 a multiple of 12?
True
Does 11 divide 7932777?
False
Does 5 divide 377919?
False
Does 18 divide 1277712?
True
Is 357 a factor of 2189838?
True
Is 285 a factor of 3873921?
False
Is 17 a factor of 1521806?
True
Is 234 a factor of 130405?
False
Is 11 a factor of 1051796?
False
Is 16073 a multiple of 5?
False
Is 184 a factor of 569611?
False
Is 180 a factor of 42660?
True
Does 144 divide 4224440?
False
Does 578 divide 5514120?
True
Is 80885 a multiple of 17?
False
Is 1659677 a multiple of 89?
False
Is 3677648 a multiple of 53?
False
Is 235 a factor of 2896610?
True
Does 243 divide 1955178?
True
Does 4 divide 5082492?
True
Is 130683 a multiple of 21?
True
Is 10 a factor of 99160?
True
Is 32 a factor of 1805579?
False
Does 22 divide 2058104?
False
Is 170684 a multiple of 191?
False
Does 20 divide 76374?
False
Is 1500960 a multiple of 20?
True
Is 161 a factor of 1127245?
False
Is 32 a factor of 119156?
False
Does 125 divide 666740?
False
Does 292 divide 473916?
True
Does 394 divide 19788256?
True
Is 4769833 a m